prime factors of j?
2, 19, 79
Suppose -12*v + 17*v = 3*s - 7789, 3*s = -3*v + 7773. List the prime factors of s.
2593
Suppose -15*b - 964 = -3*y - 13*b, -2*y = 4*b - 648. What are the prime factors of y?
2, 7, 23
Suppose -5*x = -5*b - 2155, -1298 = 4*b - b - 2*x. Let s = -209 - b. What are the prime factors of s?
227
Let d = 36 - 32. Suppose d*v + 10 = 9*v. Let i = 44 - v. What are the prime factors of i?
2, 3, 7
Let g(j) = 31*j**3 - 8*j**2 + 10*j - 2. What are the prime factors of g(5)?
3, 17, 73
Let m(l) = 13*l - 73. Let f(u) = -u + 6. Let x be f(-9). What are the prime factors of m(x)?
2, 61
Let g = 26 - 24. Suppose g*n - 11 = 89. What are the prime factors of n?
2, 5
Suppose -3*o + 0*o + x = -10, 4*o - 5*x - 28 = 0. Suppose o*a = -0*r - 4*r + 100, 200 = 4*a - 3*r. List the prime factors of a.
2, 5
Let d be (-27 - -27)/(1*4). Suppose -3*p + 4*c + 538 = d, 14*p - 536 = 11*p + 2*c. What are the prime factors of p?
2, 89
Let r be 1 - (0 - -1 - 5). Suppose -r*u + k - 1100 = -4*k, 0 = -3*u - 3*k - 654. List the prime factors of u/(-13) + (-4)/(-26).
17
Suppose 0 = 5*m + 367 + 178. Let c(x) = x**3 - x**2 + x - 67. Let n be c(0). Let u = n - m. List the prime factors of u.
2, 3, 7
Suppose -2*l + 3*v + 15 = 0, -8*l - 3*v = -6*l + 15. Let n(z) = 3*z - 3. Let d be n(2). Suppose 5*k - 14 = -l*f - d*f, k = 1. List the prime factors of f.
3
Let a(n) = -n**3 - 8*n**2 - 8*n - 3. Let o be a(-7). Suppose -536 = -o*u + 160. What are the prime factors of u?
2, 3, 29
Suppose -292*t - 2514 = -295*t. What are the prime factors of t?
2, 419
Let o = 3726 - 2066. What are the prime factors of o?
2, 5, 83
Let o(g) = -g**3 - g - 25. Let w be o(0). Let m be (-65)/(-2)*(-30)/w. Let j = -2 + m. List the prime factors of j.
37
What are the prime factors of ((-248710)/(-30))/11 - 1/(-3)?
2, 13, 29
Suppose -4*r - 171 + 31 = 0. Suppose 5*g = 4*k + 205, 5*k + 19 + 22 = g. Let m = g - r. List the prime factors of m.
2, 19
Let t(w) = -w**2 - w. Let m(n) = -4*n**2 - 6*n + 10. Let a(q) = m(q) - 5*t(q). What are the prime factors of a(-6)?
2, 13
Suppose 4*k - c = -1816 - 772, -k = c + 642. Let g = -389 - k. What are the prime factors of g?
257
Let o(m) = 15*m - 2. Let d be o(-2). Let b be (-64)/(-6) - d/24. Suppose -4 = -r + b. List the prime factors of r.
2
Let o(z) = -z**3 + 8*z**2 - 2*z - 8. Suppose 0 = -16*r + 13*r + 18. What are the prime factors of o(r)?
2, 13
Let n = 25 + -22. Let a(d) be the second derivative of 5*d**3/2 - 5*d**2 - 2*d. List the prime factors of a(n).
5, 7
What are the prime factors of 1908/(-27)*(-69)/4?
23, 53
List the prime factors of 4/(-10) - 11/(605/(-3817)).
3, 23
What are the prime factors of 57/(-152) - (-4059)/8?
3, 13
List the prime factors of 6/13 - (-469818)/117.
2, 251
Let g = -3 - -8. Suppose -60 = -g*v + 2*v. Suppose 5*m - m - v = 0. List the prime factors of m.
5
What are the prime factors of (-22)/(-143) + 44222/26 + -4?
1697
Let x = 749 + -528. What are the prime factors of x?
13, 17
Let f = 437 - 670. Let j = f - -138. What are the prime factors of j/(-10) - (-2)/(-4)?
3
What are the prime factors of 4 + 0 + -2 + 404?
2, 7, 29
Let y = -953 + 1973. What are the prime factors of y?
2, 3, 5, 17
Let f(b) = 13*b + 69. List the prime factors of f(15).
2, 3, 11
Let t(g) = -6*g**2 + g. Let d(f) = f**2. Let q(h) = 5*d(h) + t(h). Let y be q(0). Suppose w + 9 - 34 = y. List the prime factors of w.
5
Let a(u) = 14*u**3 + 2*u**2 + 9*u + 1. Let d(f) = 13*f**3 + 2*f**2 + 8*f + 1. Let c(i) = 5*a(i) - 6*d(i). List the prime factors of c(-2).
61
Suppose 2*q = -2*r + 1 + 3, -20 = -4*q + 2*r. Let n be (-1 - (2 - q))*636. List the prime factors of n/21 + 2/(-7).
2, 3, 5
List the prime factors of 130 - -3185 - (-1 - 1).
31, 107
Let u be 2 - (0 - 5) - 2. Suppose o - 25 = 6*o, -5*n - u*o = 5. Suppose t - 6 = 5*j - 19, n*t = -3*j + 17. What are the prime factors of t?
2
Suppose 5*s = 50 + 65. Suppose 2*d + 2*d - 10 = z, 0 = 4*z + 5*d - s. Suppose -z*m + 10 + 0 = 0. List the prime factors of m.
5
Let p(a) = 29*a + 12. Let u be p(-6). Let b be u/15*5*-1. List the prime factors of (b/(-30))/(2/(-10)).
3
Let u(d) = -3*d + 38. Let g be u(13). Let b(j) = 8*j**2 - 1. What are the prime factors of b(g)?
7
Suppose -o = -y + 496, -4*y - 31*o = -33*o - 1988. List the prime factors of y.
2, 3, 83
Suppose -4*u = 3*p + u - 25, -p + 27 = -3*u. Suppose -4*n + 122 = 14. Suppose n = 3*g - p. What are the prime factors of g?
2, 7
Suppose -10 = 3*f + 4*g, f - 4*g - 20 = -2. Suppose -4*c - 6 + 22 = 3*s, -f*c + 2*s + 8 = 0. Suppose 9*w - c*w - 50 = 0. List the prime factors of w.
2, 5
List the prime factors of -22 - -38 - (4/2)/(-2).
17
Let j(m) = 6*m + 5*m**2 + 6*m - 11*m + 292 - 6*m**2. Let s be j(0). Suppose -32 + s = 4*l + 4*u, -5*l = 3*u - 319. List the prime factors of l.
2, 31
Let n be (-2 + 0)/(-2 - -1). Suppose -n*z + 359 = 3*z - 4*j, 5*j = z - 55. What are the prime factors of z?
3, 5
Suppose -1337 = 2*m - 3265. List the prime factors of m.
2, 241
Suppose 27*f = 30*f - 6999. List the prime factors of f.
2333
Let o be ((-9)/5)/(27/(-90)) - 1. Suppose -o*u + 5*z + 274 = -u, 3*u - 3*z - 207 = 0. What are the prime factors of u?
71
Let k be (-10)/8*(15 - -5). Let f = k + 72. What are the prime factors of f?
47
Suppose -4*y - 57 = 3*f, 49 = -4*f - y - 27. Let j = 44 + f. What are the prime factors of j?
5
What are the prime factors of (249/6)/((-1)/(-2))?
83
Let n(x) = 7*x - 14. Let b be n(5). Suppose 0 = 6*q - 2*q - 104. Let k = q - b. List the prime factors of k.
5
Suppose m = -2*q + 11 + 1, 3*m - 20 = -2*q. Suppose -560 = -t - q*t. What are the prime factors of t?
2, 7
Suppose -2*r + 4 = 12. Suppose 9*n + 12*n = 84. What are the prime factors of r + 106/2 + n?
53
Suppose -3*c = -2*p + c, 0 = -3*p - 2*c + 24. Suppose 2*w + 2*y - 28 = 0, 66 = 5*w - 2*y + p*y. What are the prime factors of w?
2, 5
Let w(y) = -3*y**3 - 28*y**2 - 77*y + 9. What are the prime factors of w(-12)?
3, 5, 139
Suppose -5*a = 2*r - 366, -9*a - 16 = -13*a. What are the prime factors of r?
173
Let i = 2259 + 668. List the prime factors of i.
2927
What are the prime factors of 2*(-84)/24 - -286?
3, 31
Let m = -1 + 2. Let r(v) = 2*v - 10. Let b be r(6). Let x = m + b. What are the prime factors of x?
3
Let n = 6 - 1. Suppose -n*q - 6 + 96 = 0. Suppose -q = -12*s + 9*s. What are the prime factors of s?
2, 3
Let x(a) = -11*a + 175. Let y be x(20). Let g(u) = 3*u**2 + 5*u + 9. Let b be g(-6). Let s = b + y. List the prime factors of s.
2, 3, 7
List the prime factors of (3 - -1 - 1)*(-194348)/(-231).
2, 631
Let u(s) = s**2 - 6*s + 9. Let f be u(5). List the prime factors of 6/f*382/3.
191
Let d(q) = 65*q - 129. List the prime factors of d(11).
2, 293
Let j(k) = k**2 + 18*k + 111. List the prime factors of j(-25).
2, 11, 13
Let s = 14 - 11. Suppose -5*q - 4*o = -10, 4 + 4 = 4*q - s*o. Suppose -3*t + 122 = -0*v - 4*v, q = -v. What are the prime factors of t?
2, 19
What are the prime factors of (2/(2/(-91)))/(7/(-91))?
7, 13
Suppose 16*j = 7*j - 18. List the prime factors of ((-8)/5)/(j/145).
2, 29
Let z = 415 - 41. Let n(a) = a**3 - 4*a**2 + 4*a + 1. Let s be n(3). Suppose -s*k + 366 = 5*c - 5*k, z = 5*c + k. List the prime factors of c.
2, 37
Let o(l) be the first derivative of -3*l**4/2 - l - 1. Let u be o(-1). Suppose 0*q + 4*c = 4*q - 136, -70 = -3*q - u*c. What are the prime factors of q?
2, 3, 5
Suppose 0 = 6*k - 2*k - 44. Suppose -k = -2*t - 1. What are the prime factors of (-24)/t*20/(-6)?
2
Suppose 7 = 5*r - 8. Suppose 2*v = -2*g + 2, r*g + v - 11 = 7*g. List the prime factors of (-296)/(-16) + (-3)/g.
2, 5
Suppose -2*g - 519 = -b, 5*b - 962 = g + 1624. List the prime factors of b.
11, 47
Let h = 143 + -20. Let a = h - 74. Suppose 76 = 5*o - a. What are the prime factors of o?
5
Suppose 0 = 17*s - 12*s. Suppose s*v + 2*v - 4*x - 18 = 0, -27 = -3*v - x. Let p = 10 + v. List the prime factors of p.
19
Let q = 514 - -354. List the prime factors of q.
2, 7, 31
Let y = 99 + -129. List the prime factors of 6/15 - 2478/y.
83
Let c = -21 + 48. Suppose v = -v + 100. Let s = v - c. List the prime factors of s.
23
Suppose 0*f - 3*f - 177 = 0. Let p be -2 + f + (-4 - -4). Let y = -43 - p. List the prime factors of y.
2, 3
Let m be -1 + (0 + 1 - -8). Suppose -4*t + 210 - 202 = 0. Let q = m - t. What are the prim